[INFO] cloning repository https://github.com/archer884/jiraq
[INFO] running `Command { std: "git" "-c" "credential.helper=" "-c" "credential.helper=/workspace/cargo-home/bin/git-credential-null" "clone" "--bare" "https://github.com/archer884/jiraq" "/workspace/cache/git-repos/https%3A%2F%2Fgithub.com%2Farcher884%2Fjiraq", kill_on_drop: false }`
[INFO] [stderr] Cloning into bare repository '/workspace/cache/git-repos/https%3A%2F%2Fgithub.com%2Farcher884%2Fjiraq'...
[INFO] running `Command { std: "git" "rev-parse" "HEAD", kill_on_drop: false }`
[INFO] [stdout] 00ec8a900ded7f7192bc371aadac8b839c4ba443
[INFO] checking archer884/jiraq against master#9610dfe5a9a731ced1ea4923ecbd0c57fe367898 for beta-170-4
[INFO] running `Command { std: "git" "clone" "/workspace/cache/git-repos/https%3A%2F%2Fgithub.com%2Farcher884%2Fjiraq" "/workspace/builds/worker-3-tc1/source", kill_on_drop: false }`
[INFO] [stderr] Cloning into '/workspace/builds/worker-3-tc1/source'...
[INFO] [stderr] done.
[INFO] validating manifest of git repo https://github.com/archer884/jiraq on toolchain 9610dfe5a9a731ced1ea4923ecbd0c57fe367898
[INFO] running `Command { std: CARGO_HOME="/workspace/cargo-home" RUSTUP_HOME="/workspace/rustup-home" "/workspace/cargo-home/bin/cargo" "+9610dfe5a9a731ced1ea4923ecbd0c57fe367898" "metadata" "--manifest-path" "Cargo.toml" "--no-deps", kill_on_drop: false }`
[INFO] started tweaking git repo https://github.com/archer884/jiraq
[INFO] finished tweaking git repo https://github.com/archer884/jiraq
[INFO] tweaked toml for git repo https://github.com/archer884/jiraq written to /workspace/builds/worker-3-tc1/source/Cargo.toml
[INFO] crate git repo https://github.com/archer884/jiraq already has a lockfile, it will not be regenerated
[INFO] running `Command { std: CARGO_HOME="/workspace/cargo-home" RUSTUP_HOME="/workspace/rustup-home" "/workspace/cargo-home/bin/cargo" "+9610dfe5a9a731ced1ea4923ecbd0c57fe367898" "fetch" "--manifest-path" "Cargo.toml", kill_on_drop: false }`
[INFO] [stderr]     Updating crates.io index
[INFO] [stderr]  Downloading crates ...
[INFO] [stderr]   Downloaded mime v0.1.3
[INFO] [stderr]   Downloaded openssl-sys v0.6.7
[INFO] [stderr]   Downloaded openssl v0.6.7
[INFO] [stderr]   Downloaded vec_map v0.4.0
[INFO] [stderr]   Downloaded hyper v0.6.16
[INFO] [stderr]   Downloaded ansi_term v0.7.2
[INFO] [stderr]   Downloaded rpassword v0.1.3
[INFO] [stderr]   Downloaded strsim v0.4.1
[INFO] [stderr]   Downloaded cookie v0.1.21
[INFO] [stderr]   Downloaded language-tags v0.0.7
[INFO] [stderr]   Downloaded num_cpus v0.2.11
[INFO] [stderr]   Downloaded thread_local v0.2.5
[INFO] [stderr]   Downloaded regex v0.1.68
[INFO] [stderr]   Downloaded clap v1.5.5
[INFO] [stderr]   Downloaded serde v0.6.15
[INFO] [stderr]   Downloaded serde_macros v0.6.14
[INFO] [stderr]   Downloaded serde_json v0.6.1
[INFO] [stderr]   Downloaded quasi v0.7.0
[INFO] [stderr]   Downloaded quasi_macros v0.7.0
[INFO] [stderr]   Downloaded quasi_codegen v0.7.0
[INFO] [stderr]   Downloaded serde_codegen v0.6.14
[INFO] [stderr]   Downloaded aster v0.13.1
[INFO] running `Command { std: "docker" "create" "-v" "/var/lib/crater-agent-workspace/builds/worker-3-tc1/target:/opt/rustwide/target:rw,Z" "-v" "/var/lib/crater-agent-workspace/builds/worker-3-tc1/source:/opt/rustwide/workdir:ro,Z" "-v" "/var/lib/crater-agent-workspace/cargo-home:/opt/rustwide/cargo-home:ro,Z" "-v" "/var/lib/crater-agent-workspace/rustup-home:/opt/rustwide/rustup-home:ro,Z" "-e" "SOURCE_DIR=/opt/rustwide/workdir" "-e" "CARGO_TARGET_DIR=/opt/rustwide/target" "-e" "CARGO_HOME=/opt/rustwide/cargo-home" "-e" "RUSTUP_HOME=/opt/rustwide/rustup-home" "-w" "/opt/rustwide/workdir" "-m" "1610612736" "--user" "0:0" "--network" "none" "ghcr.io/rust-lang/crates-build-env/linux@sha256:19e73879b68f455e41552ea35293514db52ea292d993f571636dbffedb77a1ee" "/opt/rustwide/cargo-home/bin/cargo" "+9610dfe5a9a731ced1ea4923ecbd0c57fe367898" "metadata" "--no-deps" "--format-version=1", kill_on_drop: false }`
[INFO] [stdout] e89383052cc9ed22940fcb62b44d6bd2d204cf768af040ba3b20f4e8c934c2bd
[INFO] running `Command { std: "docker" "start" "-a" "e89383052cc9ed22940fcb62b44d6bd2d204cf768af040ba3b20f4e8c934c2bd", kill_on_drop: false }`
[INFO] running `Command { std: "docker" "inspect" "e89383052cc9ed22940fcb62b44d6bd2d204cf768af040ba3b20f4e8c934c2bd", kill_on_drop: false }`
[INFO] running `Command { std: "docker" "rm" "-f" "e89383052cc9ed22940fcb62b44d6bd2d204cf768af040ba3b20f4e8c934c2bd", kill_on_drop: false }`
[INFO] [stdout] e89383052cc9ed22940fcb62b44d6bd2d204cf768af040ba3b20f4e8c934c2bd
[INFO] running `Command { std: "docker" "create" "-v" "/var/lib/crater-agent-workspace/builds/worker-3-tc1/target:/opt/rustwide/target:rw,Z" "-v" "/var/lib/crater-agent-workspace/builds/worker-3-tc1/source:/opt/rustwide/workdir:ro,Z" "-v" "/var/lib/crater-agent-workspace/cargo-home:/opt/rustwide/cargo-home:ro,Z" "-v" "/var/lib/crater-agent-workspace/rustup-home:/opt/rustwide/rustup-home:ro,Z" "-e" "SOURCE_DIR=/opt/rustwide/workdir" "-e" "CARGO_TARGET_DIR=/opt/rustwide/target" "-e" "CARGO_INCREMENTAL=0" "-e" "RUST_BACKTRACE=full" "-e" "RUSTFLAGS=--cap-lints=forbid" "-e" "RUSTDOCFLAGS=--cap-lints=forbid" "-e" "CARGO_HOME=/opt/rustwide/cargo-home" "-e" "RUSTUP_HOME=/opt/rustwide/rustup-home" "-w" "/opt/rustwide/workdir" "-m" "1610612736" "--user" "0:0" "--network" "none" "ghcr.io/rust-lang/crates-build-env/linux@sha256:19e73879b68f455e41552ea35293514db52ea292d993f571636dbffedb77a1ee" "/opt/rustwide/cargo-home/bin/cargo" "+9610dfe5a9a731ced1ea4923ecbd0c57fe367898" "check" "--frozen" "--all" "--all-targets" "--message-format=json", kill_on_drop: false }`
[INFO] [stdout] c80334bdcc2a13638657b954797bbc084cb9827e864c396876f4a99d4787c000
[INFO] running `Command { std: "docker" "start" "-a" "c80334bdcc2a13638657b954797bbc084cb9827e864c396876f4a99d4787c000", kill_on_drop: false }`
[INFO] [stderr]     Checking libc v0.2.10
[INFO] [stderr]     Checking rustc-serialize v0.3.19
[INFO] [stderr]     Checking num-traits v0.1.32
[INFO] [stderr]    Compiling winapi-build v0.1.1
[INFO] [stderr]     Checking winapi v0.2.6
[INFO] [stderr]    Compiling gcc v0.3.27
[INFO] [stderr]    Compiling pkg-config v0.3.8
[INFO] [stderr]     Checking bitflags v0.3.3
[INFO] [stderr]     Checking libc v0.1.12
[INFO] [stderr]    Compiling aster v0.13.1
[INFO] [stderr]    Compiling serde_codegen v0.6.14
[INFO] [stderr]     Checking lazy_static v0.1.16
[INFO] [stderr]     Checking matches v0.1.2
[INFO] [stderr]    Compiling quasi v0.7.0
[INFO] [stderr]     Checking hpack v0.2.0
[INFO] [stderr]    Compiling unicase v1.4.0
[INFO] [stderr]     Checking regex-syntax v0.3.1
[INFO] [stderr]     Checking strsim v0.4.1
[INFO] [stderr]     Checking httparse v1.1.2
[INFO] [stdout] error[E0463]: can't find crate for `syntax`
[INFO] [stdout]   --> /opt/rustwide/cargo-home/registry/src/index.crates.io-6f17d22bba15001f/quasi-0.7.0/src/lib.rs:19:1
[INFO] [stdout]    |
[INFO] [stdout] 19 | extern crate syntax;
[INFO] [stdout]    | ^^^^^^^^^^^^^^^^^^^^ can't find crate
[INFO] [stdout] 
[INFO] [stdout] 
[INFO] [stderr]     Checking language-tags v0.0.7
[INFO] [stdout] error: cannot find macro `panictry` in this scope
[INFO] [stdout]    --> /opt/rustwide/cargo-home/registry/src/index.crates.io-6f17d22bba15001f/quasi-0.7.0/src/lib.rs:340:9
[INFO] [stdout]     |
[INFO] [stdout] 340 |         panictry!(parser.parse_expr())
[INFO] [stdout]     |         ^^^^^^^^
[INFO] [stdout] 
[INFO] [stdout] 
[INFO] [stdout] error: cannot find macro `panictry` in this scope
[INFO] [stdout]    --> /opt/rustwide/cargo-home/registry/src/index.crates.io-6f17d22bba15001f/quasi-0.7.0/src/lib.rs:344:9
[INFO] [stdout]     |
[INFO] [stdout] 344 |         panictry!(parser.parse_item())
[INFO] [stdout]     |         ^^^^^^^^
[INFO] [stdout] 
[INFO] [stdout] 
[INFO] [stdout] error: cannot find macro `panictry` in this scope
[INFO] [stdout]    --> /opt/rustwide/cargo-home/registry/src/index.crates.io-6f17d22bba15001f/quasi-0.7.0/src/lib.rs:348:9
[INFO] [stdout]     |
[INFO] [stdout] 348 |         panictry!(parser.parse_pat())
[INFO] [stdout]     |         ^^^^^^^^
[INFO] [stdout] 
[INFO] [stdout] 
[INFO] [stdout] error: cannot find macro `panictry` in this scope
[INFO] [stdout]    --> /opt/rustwide/cargo-home/registry/src/index.crates.io-6f17d22bba15001f/quasi-0.7.0/src/lib.rs:352:9
[INFO] [stdout]     |
[INFO] [stdout] 352 |         panictry!(parser.parse_arm())
[INFO] [stdout]     |         ^^^^^^^^
[INFO] [stdout] 
[INFO] [stdout] 
[INFO] [stdout] error: cannot find macro `panictry` in this scope
[INFO] [stdout]    --> /opt/rustwide/cargo-home/registry/src/index.crates.io-6f17d22bba15001f/quasi-0.7.0/src/lib.rs:356:9
[INFO] [stdout]     |
[INFO] [stdout] 356 |         panictry!(parser.parse_ty())
[INFO] [stdout]     |         ^^^^^^^^
[INFO] [stdout] 
[INFO] [stdout] 
[INFO] [stdout] error: cannot find macro `panictry` in this scope
[INFO] [stdout]    --> /opt/rustwide/cargo-home/registry/src/index.crates.io-6f17d22bba15001f/quasi-0.7.0/src/lib.rs:360:5
[INFO] [stdout]     |
[INFO] [stdout] 360 |     panictry!(parser.parse_stmt())
[INFO] [stdout]     |     ^^^^^^^^
[INFO] [stdout] 
[INFO] [stdout] 
[INFO] [stdout] error: cannot find macro `panictry` in this scope
[INFO] [stdout]    --> /opt/rustwide/cargo-home/registry/src/index.crates.io-6f17d22bba15001f/quasi-0.7.0/src/lib.rs:364:9
[INFO] [stdout]     |
[INFO] [stdout] 364 |         panictry!(parser.parse_attribute(permit_inner))
[INFO] [stdout]     |         ^^^^^^^^
[INFO] [stdout] 
[INFO] [stdout] 
[INFO] [stdout] error[E0463]: can't find crate for `syntax`
[INFO] [stdout]   --> /opt/rustwide/cargo-home/registry/src/index.crates.io-6f17d22bba15001f/aster-0.13.1/src/lib.rs:10:1
[INFO] [stdout]    |
[INFO] [stdout] 10 | extern crate syntax;
[INFO] [stdout]    | ^^^^^^^^^^^^^^^^^^^^ can't find crate
[INFO] [stdout] 
[INFO] [stdout] 
[INFO] [stdout] error[E0642]: patterns aren't allowed in functions without bodies
[INFO] [stdout]    --> /opt/rustwide/cargo-home/registry/src/index.crates.io-6f17d22bba15001f/rustc-serialize-0.3.19/src/serialize.rs:147:45
[INFO] [stdout]     |
[INFO] [stdout] 147 | ...                   &f_name: &str,
[INFO] [stdout]     |                       ^^^^^^^ pattern not allowed in function without body
[INFO] [stdout] 
[INFO] [stdout] 
[INFO] [stdout] error: aborting due to 8 previous errors
[INFO] [stdout] 
[INFO] [stdout] 
[INFO] [stdout] For more information about this error, try `rustc --explain E0463`.
[INFO] [stdout] 
[INFO] [stderr]     Checking traitobject v0.0.1
[INFO] [stderr] error: could not compile `quasi` (lib) due to 9 previous errors; 18 warnings emitted
[INFO] [stderr] warning: build failed, waiting for other jobs to finish...
[INFO] [stdout] error: aborting due to previous error
[INFO] [stdout] 
[INFO] [stdout] 
[INFO] [stdout] For more information about this error, try `rustc --explain E0463`.
[INFO] [stdout] 
[INFO] [stderr] error: could not compile `aster` (lib) due to 2 previous errors
[INFO] [stdout] error: aborting due to previous error
[INFO] [stdout] 
[INFO] [stdout] 
[INFO] [stdout] For more information about this error, try `rustc --explain E0642`.
[INFO] [stdout] 
[INFO] [stderr] error: could not compile `rustc-serialize` (lib) due to 2 previous errors; 1 warning emitted
[INFO] running `Command { std: "docker" "inspect" "c80334bdcc2a13638657b954797bbc084cb9827e864c396876f4a99d4787c000", kill_on_drop: false }`
[INFO] running `Command { std: "docker" "rm" "-f" "c80334bdcc2a13638657b954797bbc084cb9827e864c396876f4a99d4787c000", kill_on_drop: false }`
[INFO] [stdout] c80334bdcc2a13638657b954797bbc084cb9827e864c396876f4a99d4787c000
